e 16?
6e
-142 (base 5) to base 12
-3b
What is -1 (base 5) in base 9?
-1
Convert 101120 (base 3) to base 12.
1b9
0 (base 12) to base 4
0
What is -111 (base 2) in base 7?
-10
Convert 5 (base 11) to base 9.
5
What is 46 (base 9) in base 15?
2c
Convert -d5 (base 14) to base 10.
-187
3 (base 4) to base 9
3
What is -12 (base 10) in base 2?
-1100
60 (base 12) to base 5
242
Convert -121 (base 5) to base 15.
-26
Convert 111 (base 2) to base 9.
7
What is 512 (base 6) in base 9?
228
Convert 126 (base 10) to base 3.
11200
-6 (base 7) to base 6
-10
-64 (base 10) to base 13
-4c
-142 (base 5) to base 12
-3b
-3 (base 15) to base 4
-3
What is -36 (base 16) in base 13?
-42
-212 (base 5) to base 6
-133
Convert 123 (base 9) to base 12.
86
112 (base 3) to base 15
e
2 (base 9) to base 8
2
Convert -20 (base 10) to base 8.
-24
563 (base 7) to base 4
10202
What is 30 (base 8) in base 10?
24
Convert -2 (base 4) to base 6.
-2
Convert -4 (base 10) to base 7.
-4
-64 (base 14) to base 8
-130
Convert 11110 (base 2) to base 14.
22
-20 (base 3) to base 12
-6
What is -9 (base 14) in base 3?
-100
What is -12 (base 13) in base 14?
-11
20 (base 3) to base 7
6
-16 (base 11) to base 7
-23
-3 (base 6) to base 3
-10
What is 27 (base 10) in base 2?
11011
What is -144 (base 9) in base 8?
-171
Convert -3 (base 11) to base 16.
-3
What is -11 (base 4) in base 12?
-5
44 (base 8) to base 7
51
Convert 3 (base 8) to base 3.
10
-141 (base 7) to base 13
-60
-10 (base 3) to base 2
-11
Convert 11 (base 13) to base 8.
16
What is 5 (base 9) in base 8?
5
What is -2 (base 5) in base 12?
-2
-171 (base 13) to base 15
-126
What is 31 (base 5) in base 9?
17
6 (base 11) to base 8
6
What is 11 (base 11) in base 12?
10
1 (base 16) to base 13
1
What is 6c (base 16) in base 8?
154
Convert -12 (base 9) to base 12.
-b
Convert -66 (base 9) to base 16.
-3c
Convert -20 (base 9) to base 7.
-24
What is -c (base 16) in base 13?
-c
What is -41 (base 12) in base 7?
-100
Convert 12 (base 11) to base 2.
1101
-14 (base 7) to base 5
-21
What is -210 (base 3) in base 15?
-16
43 (base 5) to base 11
21
What is -31 (base 4) in base 11?
-12
Convert -1 (base 16) to base 15.
-1
-1040 (base 6) to base 2
-11110000
What is 5 (base 14) in base 16?
5
-102 (base 5) to base 2
-11011
Convert 26 (base 13) to base 6.
52
Convert 3 (base 7) to base 2.
11
What is 101100 (base 2) in base 10?
44
113 (base 8) to base 6
203
What is -40 (base 8) in base 13?
-26
Convert -11 (base 13) to base 12.
-12
-1202 (base 3) to base 7
-65
Convert -2 (base 4) to base 8.
-2
1 (base 7) to base 8
1
What is 1 (base 15) in base 7?
1
103 (base 5) to base 6
44
-2 (base 10) to base 6
-2
What is 351 (base 6) in base 12?
b7
Convert -14 (base 6) to base 11.
-a
What is -1 (base 5) in base 6?
-1
-17d (base 14) to base 5
-2212
-14 (base 13) to base 3
-122
What is -4 (base 8) in base 7?
-4
-61 (base 12) to base 13
-58
What is 605 (base 7) in base 3?
102002
-10 (base 2) to base 12
-2
What is -4 (base 10) in base 16?
-4
Convert -111 (base 2) to base 9.
-7
What is 1 (base 2) in base 12?
1
What is -1 (base 12) in base 2?
-1
-4 (base 11) to base 13
-4
-22 (base 3) to base 4
-20
What is -4 (base 15) in base 3?
-11
-9 (base 15) to base 8
-11
What is -3d (base 14) in base 15?
-3a
What is -1 (base 14) in base 4?
-1
-1 (base 13) to base 7
-1
146 (base 9) to base 5
443
Convert 4 (base 12) to base 13.
4
What is 14 (base 9) in base 11?
12
What is -6 (base 15) in base 3?
-20
What is 17 (base 10) in base 4?
101
Convert 92 (base 10) to base 4.
1130
What is 8 (base 12) in base 7?
11
56 (base 16) to base 7
152
Convert 129 (base 11) to base 16.
98
Convert 24 (base 9) to base 3.
211
What is 11 (base 3) in base 7?
4
Convert 1 (base 8) to base 12.
1
What is -1 (base 4) in base 15?
-1
-58 (base 12) to base 16
-44
57 (base 10) to base 5
212
5 (base 14) to base 6
5
-2 (base 9) to base 5
-2
-3d (base 15) to base 11
-53
-10 (base 3) to base 10
-3
2 (base 9) to base 4
2
What is -2 (base 16) in base 9?
-2
Convert -303 (base 7) to base 3.
-12120
Convert -1 (base 9) to base 16.
-1
What is 10011 (base 2) in base 8?
23
-10 (base 9) to base 16
-9
Convert -1010 (base 2) to base 3.
-101
7 (base 8) to base 14
7
What is -154 (base 7) in base 15?
-5d
Convert -1 (base 10) to base 9.
-1
What is -3 (base 7) in base 15?
-3
-5 (base 8) to base 14
-5
Convert 7 (base 11) to base 13.
7
1101 (base 3) to base 8
45
What is -1101 (base 2) in base 15?
-d
What is 11 (base 16) in base 14?
13
-6 (base 8) to base 13
-6
What is -5 (base 11) in base 15?
-5
What is 1 (base 12) in base 11?
1
Convert -10 (base 10) to base 4.
-22
Convert 4 (base 12) to base 5.
4
Convert -155 (base 8) to base 6.
-301
Convert 0 (base 14) to base 13.
0
Convert 113 (base 6) to base 13.
36
7 (base 11) to base 7
10
-5 (base 15) to base 11
-5
Convert -2 (base 13) to base 9.
-2
Convert -4 (base 11) to base 6.
-4
3 (base 6) to base 8
3
Convert 11 (base 6) to base 11.
7
Convert -31 (base 14) to base 10.
-43
Convert 3 (base 8) to base 3.
10
Convert -34 (base 5) to base 7.
-25
-1 (base 5) to base 16
-1
What is -1 (base 12) in base 10?
-1
37 (base 8) to base 9
34
-3 (base 6) to base 8
-3
15 (base 15) to base 11
19
What is -2111 (base 3) in base 5?
-232
What is -8 (base 15) in base 4?
-20
Convert -101 (base 3) to base 2.
-1010
24 (base 5) to base 7
20
What is -3 (base 10) in base 2?
-11
Convert 154 (base 6) to base 7.
130
324 (base 9) to base 12
1a1
Convert -10 (base 10) to base 5.
-20
0 (base 15) to base 7
0
What is 0 (base 8) in base 14?
0
Convert 2 (base 9) to base 6.
2
-3 (base 6) to base 15
-3
-20 (base 14) to base 4
-130
Convert -31 (base 8) to base 15.
-1a
Convert 38 (base 10) to base 5.
123
What is -31 (base 14) in base 16?
-2b
What is 0 (base 6) in base 2?
0
Convert 10 (base 8) to base 14.
8
-7 (base 13) to base 9
-7
What is -10 (base 2) in base 7?
-2
0 (base 10) to base 4
0
1100100 (base 2) to base 8
144
-2203 (base 4) to base 16
-a3
-10 (base 15) to base 7
-21
Convert -156 (base 9) to base 4.
-2010
13 (base 13) to base 7
22
2 (base 5) to base 16
2
What is -10 (base 2) in base 15?
-2
Convert -5d (base 15) to base 5.
-323
What is 16a (base 11) in base 9?
238
What is 3 (base 15) in base 2?
11
-3 (base 12) to base 4
-3
Convert 201 (base 3) to base 8.
23
c4 (base 13) to base 4
2200
Convert -5a (base 16) to base 4.
-1122
4 (base 13) to base 9
4
Convert -6 (base 9) to base 14.
-6
What is 5 (base 9) in base 13?
5
What is -101 (base 8) in base 12?
-55
Convert 69 (base 14) to base 2.
1011101
Convert 2 (base 8) to base 3.
2
2 (base 4) to base 11
2
What is -2c (base 14) in base 12?
-34
Convert 100110110 (base 2) to base 8.
466
Convert 454 (base 6) to base 12.
12a
What is 2a (base 12) in base 11?
31
What is -3 (base 7) in base 4?
-3
-1010 (base 2) to base 4
-22
Convert 25 (base 6) to base 9.
18
13 (base 10) to base 11
12
Convert b4 (base 16) to base 5.
1210
What is -90 (base 16) in base 14?
-a4
101 (base 3) to base 9
11
What is 9 (base 13) in base 14?
9
What is 145 (base 12) in base 8?
305
Convert 2 (base 13) to base 8.
2
0 (base 7) to base 10
0
What is -1020 (base 5) in base 12?
-b3
Convert -34 (base 9) to base 12.
-27
Convert 64 (base 10) to base 9.
71
-201 (base 4) to base 6
-53
What is -20 (base 6) in base 14?
-c
What is -7b (base 12) in base 10?
-95
-2 (base 7) to base 16
-2
What is -2 (base 5) in base 11?
-2
What is -20 (base 4) in base 11?
-8
Convert -105 (base 7) to base 15.
-39
-10 (base 9) to base 11
-9
What is -1 (base 5) in base 14?
-1
-38 (base 10) to base 6
-102
Convert -32 (base 10) to base 15.
-22
Convert 6 (base 8) to base 13.
6
Convert 3 (base 8) to base 13.
3
28 (base 11) to base 6
50
Convert -101 (base 5) to base 12.
-22
What is 4 (base 7) in base 8?
4
Convert 103 (base 4) to base 14.
15
What is 245 (base 6) in base 9?
122
-443 (base 5) to base 6
-323
Convert -25 (base 7) to base 8.
-23
Convert -1 (base 6) to base 16.
-1
-29 (base 12) to base 13
-27
1 (base 8) to base 7
1
Convert -202 (base 6) to base 8.
-112
Convert -144 (base 10) to base 14.
-a4
Convert -2 (base 15) to base 8.
-2
Convert -16 (base 7) to base 12.
-11
What is -2 (base 12) in base 11?
-2
-3 (base 7) to base 6
-3
Convert 122 (base 7) to base 2.
1000001
Convert 7 (base 8) to base 5.
12
What is 1 (base 12) in base 16?
1
Convert -24 (base 8) to base 3.
-202
-1 (base 2) to base 9
-1